{"id":21,"date":"2018-01-19T10:26:13","date_gmt":"2018-01-19T10:26:13","guid":{"rendered":"http:\/\/harveyswake.de\/?page_id=21"},"modified":"2026-02-24T15:28:19","modified_gmt":"2026-02-24T15:28:19","slug":"termine","status":"publish","type":"page","link":"https:\/\/harveyswake.de\/?page_id=21","title":{"rendered":"Termine"},"content":{"rendered":"\t\t<div data-elementor-type=\"wp-page\" data-elementor-id=\"21\" class=\"elementor elementor-21\">\n\t\t\t\t\t\t<section class=\"elementor-section elementor-top-section elementor-element elementor-element-fc93e1e elementor-section-boxed elementor-section-height-default elementor-section-height-default\" data-id=\"fc93e1e\" data-element_type=\"section\" data-e-type=\"section\">\n\t\t\t\t\t\t<div class=\"elementor-container elementor-column-gap-default\">\n\t\t\t\t\t<div class=\"elementor-column elementor-col-100 elementor-top-column elementor-element elementor-element-f83fe05\" data-id=\"f83fe05\" data-element_type=\"column\" data-e-type=\"column\">\n\t\t\t<div class=\"elementor-widget-wrap elementor-element-populated\">\n\t\t\t\t\t\t<div class=\"elementor-element elementor-element-c832075 elementor-widget elementor-widget-text-editor\" data-id=\"c832075\" data-element_type=\"widget\" data-e-type=\"widget\" data-widget_type=\"text-editor.default\">\n\t\t\t\t<div class=\"elementor-widget-container\">\n\t\t\t\t\t\t\t\t\t<h4><span style=\"text-decoration: underline;\">Kommende Auftritte :<\/span><\/h4>\n<p>\u00a0<\/p>\n<h3>Samstag, 02. Mai 2026 &#8211; 16.00<\/h3>\n<h4>Weltfischbr\u00f6tchentag\u00a0 Feuerschiff\u00a0<span class=\"mw-page-title-main\">L\u00e6s\u00f8 Rende<\/span><\/h4>\n<h4>Heikendorf \/ M\u00f6ltenort<\/h4>\n<h6>Eintritt frei<\/h6>\n<hr \/>\n<h3>\u00a0<\/h3>\n<h3>Freitag, 31. Juli 2026 &#8211; 19:00<\/h3>\n<h4>K\u00fcsten Caf\u00e9 in Sch\u00f6nberg \/ Holm<\/h4>\n<h6>Holmer Marktplatz, Osterwisch 2, 24217 Sch\u00f6nberg<\/h6>\n<h6>der Hut geht um<\/h6>\n<hr \/>\n<h3>\u00a0<\/h3>\n<h3>Samstag, 17. Oktober 2026 &#8211; 19:00<\/h3>\n<h4>\u00a0Irish- Folk-Night, u.a. mit Paddy Schmidt und anderen\u00a0 \u00a0Interpreten;<\/h4>\n<h4>\u00a0Freiwillige Feuerwehr Neuheikendorf<\/h4>\n<h6>Silberturmer Weg 1; 24226 Heikendorf<\/h6>\n<h6>N\u00e4here Info\u00b4s folgen<\/h6>\n<hr \/>\n<h3>\u00a0<\/h3>\n<h3>Freitag, 11. Dezember 2026 &#8211; 19:00<\/h3>\n<div>\n<h4>K\u00fcsten Caf\u00e9 in Sch\u00f6nberg \/ Holm<\/h4>\n<h6>Holmer Marktplatz, Osterwisch 2, 24217 Sch\u00f6nberg<\/h6>\n<p>der Hut geht um<\/p>\n<\/div>\n<p>\u00a0<\/p>\t\t\t\t\t\t\t\t<\/div>\n\t\t\t\t<\/div>\n\t\t\t\t\t<\/div>\n\t\t<\/div>\n\t\t\t\t\t<\/div>\n\t\t<\/section>\n\t\t\t\t<section class=\"elementor-section elementor-top-section elementor-element elementor-element-6f807e41 elementor-section-boxed elementor-section-height-default elementor-section-height-default\" data-id=\"6f807e41\" data-element_type=\"section\" data-e-type=\"section\">\n\t\t\t\t\t\t<div class=\"elementor-container elementor-column-gap-default\">\n\t\t\t\t\t<div class=\"elementor-column elementor-col-100 elementor-top-column elementor-element elementor-element-25a03e4e\" data-id=\"25a03e4e\" data-element_type=\"column\" data-e-type=\"column\">\n\t\t\t<div class=\"elementor-widget-wrap elementor-element-populated\">\n\t\t\t\t\t\t<div class=\"elementor-element elementor-element-26d8ab0d elementor-widget elementor-widget-text-editor\" data-id=\"26d8ab0d\" data-element_type=\"widget\" data-e-type=\"widget\" data-widget_type=\"text-editor.default\">\n\t\t\t\t<div class=\"elementor-widget-container\">\n\t\t\t\t\t\t\t\t\t<h4>Hier haben wir im letzten halben Jahr gespielt :<\/h4>\n<h3><br \/>Sonntag 25. Januar 2026 &#8211; 11.00\u00a0<\/h3>\n<h4>Neujahrsempfang der Gemeinde M\u00f6nkeberg im Bakenhuus<\/h4>\n<hr \/>\n<h3>\u00a0<\/h3>\n<h3>Freitag 05. Dezember 2025 &#8211; 19:00\u00a0<\/h3>\n<h4>K\u00fcstenCafe in Sch\u00f6nberg\/ Holm<\/h4>\n<hr \/>\n<h3>\u00a0<\/h3>\n<h3>Freitag 07. November 2025 &#8211; 19:30<\/h3>\n<h4>Kulturstation Toweddern ; Elmschenhagen<\/h4>\n<hr \/>\n<p>\u00a0<\/p>\n<h3>Samstag 11. Oktober 2025 &#8211; 18:00<\/h3>\n<h4>F\u00f6rdefunkeln am Strand M\u00f6nkeberg<\/h4>\n<hr \/>\n<h3>\u00a0<\/h3>\n<h3>Samstag 27. September 2025 &#8211; 16:00<\/h3>\n<h4>Feuerschiff des HYC\u00a0M\u00f6ltenort \/ Heikendorf<\/h4>\n<h3>\u00a0<\/h3>\n<h3><\/h3>\n<h3>\u00a0<\/h3>\n\t\t\t\t\t\t\t\t<\/div>\n\t\t\t\t<\/div>\n\t\t\t\t\t<\/div>\n\t\t<\/div>\n\t\t\t\t\t<\/div>\n\t\t<\/section>\n\t\t\t\t<section class=\"elementor-section elementor-top-section elementor-element elementor-element-301599e elementor-section-boxed elementor-section-height-default elementor-section-height-default\" data-id=\"301599e\" data-element_type=\"section\" data-e-type=\"section\">\n\t\t\t\t\t\t<div class=\"elementor-container elementor-column-gap-default\">\n\t\t\t\t\t<div class=\"elementor-column elementor-col-100 elementor-top-column elementor-element elementor-element-f48508f\" data-id=\"f48508f\" data-element_type=\"column\" data-e-type=\"column\">\n\t\t\t<div class=\"elementor-widget-wrap elementor-element-populated\">\n\t\t\t\t\t\t<div class=\"elementor-element elementor-element-6dcf738 elementor-widget elementor-widget-text-editor\" data-id=\"6dcf738\" data-element_type=\"widget\" data-e-type=\"widget\" data-widget_type=\"text-editor.default\">\n\t\t\t\t<div class=\"elementor-widget-container\">\n\t\t\t\t\t\t\t\t\t<p>Lorem ipsum dolor sit amet, consectetur adipiscing elit. Ut elit tellus, luctus nec ullamcorper mattis, pulvinar dapibus leo.<\/p>\t\t\t\t\t\t\t\t<\/div>\n\t\t\t\t<\/div>\n\t\t\t\t\t<\/div>\n\t\t<\/div>\n\t\t\t\t\t<\/div>\n\t\t<\/section>\n\t\t\t\t<section class=\"elementor-section elementor-top-section elementor-element elementor-element-d3434e1 elementor-section-boxed elementor-section-height-default elementor-section-height-default\" data-id=\"d3434e1\" data-element_type=\"section\" data-e-type=\"section\">\n\t\t\t\t\t\t<div class=\"elementor-container elementor-column-gap-default\">\n\t\t\t\t\t<div class=\"elementor-column elementor-col-100 elementor-top-column elementor-element elementor-element-499215c\" data-id=\"499215c\" data-element_type=\"column\" data-e-type=\"column\">\n\t\t\t<div class=\"elementor-widget-wrap elementor-element-populated\">\n\t\t\t\t\t\t<div class=\"elementor-element elementor-element-7c7fa73 elementor-widget elementor-widget-text-editor\" data-id=\"7c7fa73\" data-element_type=\"widget\" data-e-type=\"widget\" data-widget_type=\"text-editor.default\">\n\t\t\t\t<div class=\"elementor-widget-container\">\n\t\t\t\t\t\t\t\t\t<p>Lorem ipsum dolor sit amet, consectetur adipiscing elit. Ut elit tellus, luctus nec ullamcorper mattis, pulvinar dapibus leo.<\/p>\t\t\t\t\t\t\t\t<\/div>\n\t\t\t\t<\/div>\n\t\t\t\t\t<\/div>\n\t\t<\/div>\n\t\t\t\t\t<\/div>\n\t\t<\/section>\n\t\t\t\t<section class=\"elementor-section elementor-top-section elementor-element elementor-element-f6ce95f elementor-section-boxed elementor-section-height-default elementor-section-height-default\" data-id=\"f6ce95f\" data-element_type=\"section\" data-e-type=\"section\">\n\t\t\t\t\t\t<div class=\"elementor-container elementor-column-gap-default\">\n\t\t\t\t\t<div class=\"elementor-column elementor-col-100 elementor-top-column elementor-element elementor-element-f419a3e\" data-id=\"f419a3e\" data-element_type=\"column\" data-e-type=\"column\">\n\t\t\t<div class=\"elementor-widget-wrap elementor-element-populated\">\n\t\t\t\t\t\t<section class=\"elementor-section elementor-inner-section elementor-element elementor-element-ff37f27 elementor-section-boxed elementor-section-height-default elementor-section-height-default\" data-id=\"ff37f27\" data-element_type=\"section\" data-e-type=\"section\">\n\t\t\t\t\t\t<div class=\"elementor-container elementor-column-gap-default\">\n\t\t\t\t\t<div class=\"elementor-column elementor-col-50 elementor-inner-column elementor-element elementor-element-847f2c0\" data-id=\"847f2c0\" data-element_type=\"column\" data-e-type=\"column\">\n\t\t\t<div class=\"elementor-widget-wrap\">\n\t\t\t\t\t\t\t<\/div>\n\t\t<\/div>\n\t\t\t\t<div class=\"elementor-column elementor-col-50 elementor-inner-column elementor-element elementor-element-b94b68c\" data-id=\"b94b68c\" data-element_type=\"column\" data-e-type=\"column\">\n\t\t\t<div class=\"elementor-widget-wrap\">\n\t\t\t\t\t\t\t<\/div>\n\t\t<\/div>\n\t\t\t\t\t<\/div>\n\t\t<\/section>\n\t\t\t\t\t<\/div>\n\t\t<\/div>\n\t\t\t\t\t<\/div>\n\t\t<\/section>\n\t\t\t\t<section class=\"elementor-section elementor-top-section elementor-element elementor-element-f0e189f elementor-section-boxed elementor-section-height-default elementor-section-height-default\" data-id=\"f0e189f\" data-element_type=\"section\" data-e-type=\"section\">\n\t\t\t\t\t\t<div class=\"elementor-container elementor-column-gap-default\">\n\t\t\t\t\t<div class=\"elementor-column elementor-col-100 elementor-top-column elementor-element elementor-element-8c22256\" data-id=\"8c22256\" data-element_type=\"column\" data-e-type=\"column\">\n\t\t\t<div class=\"elementor-widget-wrap elementor-element-populated\">\n\t\t\t\t\t\t<div class=\"elementor-element elementor-element-28b026e elementor-widget elementor-widget-heading\" data-id=\"28b026e\" data-element_type=\"widget\" data-e-type=\"widget\" data-widget_type=\"heading.default\">\n\t\t\t\t<div class=\"elementor-widget-container\">\n\t\t\t\t\t<h2 class=\"elementor-heading-title elementor-size-default\">Gib hier deine \u00dcberschrift ein<\/h2>\t\t\t\t<\/div>\n\t\t\t\t<\/div>\n\t\t\t\t\t<\/div>\n\t\t<\/div>\n\t\t\t\t\t<\/div>\n\t\t<\/section>\n\t\t\t\t<section class=\"elementor-section elementor-top-section elementor-element elementor-element-ea25185 elementor-section-boxed elementor-section-height-default elementor-section-height-default\" data-id=\"ea25185\" data-element_type=\"section\" data-e-type=\"section\">\n\t\t\t\t\t\t<div class=\"elementor-container elementor-column-gap-default\">\n\t\t\t\t\t<div class=\"elementor-column elementor-col-100 elementor-top-column elementor-element elementor-element-2b4fe82\" data-id=\"2b4fe82\" data-element_type=\"column\" data-e-type=\"column\">\n\t\t\t<div class=\"elementor-widget-wrap elementor-element-populated\">\n\t\t\t\t\t\t<div class=\"elementor-element elementor-element-2542a1b elementor-widget elementor-widget-text-editor\" data-id=\"2542a1b\" data-element_type=\"widget\" data-e-type=\"widget\" data-widget_type=\"text-editor.default\">\n\t\t\t\t<div class=\"elementor-widget-container\">\n\t\t\t\t\t\t\t\t\t<p>Lorem ipsum dolor sit amet, consectetur adipiscing elit. Ut elit tellus, luctus nec ullamcorper mattis, pulvinar dapibus leo.<\/p>\t\t\t\t\t\t\t\t<\/div>\n\t\t\t\t<\/div>\n\t\t\t\t\t<\/div>\n\t\t<\/div>\n\t\t\t\t\t<\/div>\n\t\t<\/section>\n\t\t\t\t<\/div>\n\t\t","protected":false},"excerpt":{"rendered":"<p>Kommende Auftritte : \u00a0 Samstag, 02. Mai 2026 &#8211; 16.00 Weltfischbr\u00f6tchentag\u00a0 Feuerschiff\u00a0L\u00e6s\u00f8 Rende Heikendorf \/ M\u00f6ltenort Eintritt frei \u00a0 Freitag, 31. Juli 2026 &#8211; 19:00 K\u00fcsten Caf\u00e9 in Sch\u00f6nberg \/ Holm Holmer Marktplatz, Osterwisch 2, 24217 Sch\u00f6nberg der Hut geht um \u00a0 Samstag, 17. Oktober 2026 &#8211; 19:00 \u00a0Irish- Folk-Night, u.a. mit Paddy Schmidt und [&hellip;]<\/p>\n","protected":false},"author":1,"featured_media":0,"parent":0,"menu_order":0,"comment_status":"closed","ping_status":"closed","template":"","meta":{"footnotes":""},"class_list":["post-21","page","type-page","status-publish","hentry"],"_links":{"self":[{"href":"https:\/\/harveyswake.de\/index.php?rest_route=\/wp\/v2\/pages\/21","targetHints":{"allow":["GET"]}}],"collection":[{"href":"https:\/\/harveyswake.de\/index.php?rest_route=\/wp\/v2\/pages"}],"about":[{"href":"https:\/\/harveyswake.de\/index.php?rest_route=\/wp\/v2\/types\/page"}],"author":[{"embeddable":true,"href":"https:\/\/harveyswake.de\/index.php?rest_route=\/wp\/v2\/users\/1"}],"replies":[{"embeddable":true,"href":"https:\/\/harveyswake.de\/index.php?rest_route=%2Fwp%2Fv2%2Fcomments&post=21"}],"version-history":[{"count":19,"href":"https:\/\/harveyswake.de\/index.php?rest_route=\/wp\/v2\/pages\/21\/revisions"}],"predecessor-version":[{"id":171,"href":"https:\/\/harveyswake.de\/index.php?rest_route=\/wp\/v2\/pages\/21\/revisions\/171"}],"wp:attachment":[{"href":"https:\/\/harveyswake.de\/index.php?rest_route=%2Fwp%2Fv2%2Fmedia&parent=21"}],"curies":[{"name":"wp","href":"https:\/\/api.w.org\/{rel}","templated":true}]}}